of i?
1
Suppose 2*l + 12*w = 11*w + 11858, 23734 = 4*l + 5*w. What is the tens digit of l?
2
Suppose -2*s + 3*m + 19443 = -19652, -5*s + 2*m + 97754 = 0. What is the tens digit of s?
5
Suppose -5*n - 172 = -i - 15, 4*i - 565 = -n. What is the hundreds digit of i?
1
Suppose x + 13 = -0. Let q = 19 + x. What is the units digit of ((-2)/q)/(5/(-930))?
2
Suppose -617643 = -294*n + 458166 + 3457083. What is the thousands digit of n?
5
Suppose 18*i = 14*i + l + 158812, -5*i - 4*l = -198515. What is the units digit of i?
3
Let b be 3756/48 + (-2)/8. Suppose 0 = 3*z - 39 + b. Let l = 35 + z. What is the units digit of l?
2
Let i = -9 - -10. Let p(y) = -8*y**2 + y. Let x be p(i). What is the units digit of -11 - x - (-1 - 168)?
5
Let s(u) = -2*u**3 - 53*u**2 - 15*u - 33. Let v be s(-38). Suppose 7831 + v = 44*k. What is the hundreds digit of k?
9
Let c(u) = u**3 - 33*u**2 - 66*u + 345. What is the hundreds digit of c(48)?
7
Suppose -4*b + 6540 = -4*l, 6555 = 3*b + b + l. Let t = b - 906. What is the units digit of t?
2
Suppose 41*k + 3730 = 51*k. Suppose -k = -7*w + 166. What is the units digit of w?
7
Suppose -3*v + 1534 = 2*j, -2*j - 38 = -v + 476. Suppose -6*k = -88 - v. What is the tens digit of k?
0
Let f = -512 - -510. What is the tens digit of (6265/f)/(-7)*(-14)/(-35)?
7
Let v(h) = h + 3. Let z be v(4). Let i = 1490 + -1487. Suppose i*m + k = 38, -z + 23 = m - 3*k. What is the units digit of m?
3
Let p = 35486 + 23836. What is the hundreds digit of p?
3
Suppose 19*v + v - 2420 = 0. Let c = v + 346. What is the hundreds digit of c?
4
Let s = -38487 - -73492. What is the units digit of s?
5
Let x = -8 + 10. Let g(h) = 22*h**2 - x*h + h + 55*h**2. What is the tens digit of g(-1)?
7
Let z = -598 - -602. Suppose 20*n + z*o = 16*n + 556, -2*n + 3*o + 288 = 0. What is the tens digit of n?
4
Suppose -92*j = 22644 - 428548. What is the units digit of j?
2
Suppose 4*h + 5*d = 26444, -266*h - 4*d + 26436 = -262*h. What is the hundreds digit of h?
6
Let z = 0 - 9. Let p = z - 6. What is the units digit of (24/(-10))/(p/1300)?
8
Let a be (1 - (1 - 0)) + 0. Suppose 17 + 8 = -5*r, a = -2*k - 4*r + 140. Suppose 2*z - 2*x - 50 = -0*z, -k = -3*z - 2*x. What is the units digit of z?
6
What is the hundreds digit of (3 - 1)/((-513)/(-3363)*(-6)/(-16227))?
4
Suppose 2*q - 3*f = 68283 + 10884, -2*q - 4*f + 79174 = 0. What is the tens digit of q?
8
Let d = -740 - -1183. Let q = d + 138. What is the hundreds digit of q?
5
Suppose 127*y + 10*y - 131765 = 16606. What is the hundreds digit of y?
0
Let a = 76641 - 49461. What is the ten thousands digit of a?
2
Suppose -201826 = -13*d + 90128. What is the ten thousands digit of d?
2
Let k(t) be the third derivative of 7*t**5/60 + t**4/24 - 2*t**3/3 + 37*t**2 - 2*t. Suppose -7*x = -5*x - 4. What is the units digit of k(x)?
6
Suppose 164 = -o + 2*z, 4*z + 0*z = -3*o - 442. Let v = o - -157. What is the units digit of v?
3
Suppose -50636 - 4241 = -11*o - 10767. What is the tens digit of o?
1
Suppose -3*k - 3*h = k - 3872, 4*k = h + 3872. Suppose 0 = -2*l - m + k, -23*m + 8 = -21*m. What is the units digit of l?
2
What is the units digit of 8 + 165/(-22) - 1890/(-4)?
3
Suppose -4*d - d = 4*t + 22, -3*t = 3*d + 15. Let p = d + 33. What is the tens digit of p?
3
Let r = -31 + 46. Let u(p) = -42*p - 986. Let o be u(-34). Suppose -4*t = -t - r, 2*t = -4*d + o. What is the hundreds digit of d?
1
Suppose 5*y - k = 8012, y + 3*y - 6403 = 3*k. Suppose -13*z - 121 = -y. What is the tens digit of z?
1
What is the hundreds digit of 24/14*(-10 - (-7389)/6)?
0
Let p(x) = 43*x - 4*x**3 + 57*x**2 + 5*x**3 - 17*x**2 + 88*x. What is the hundreds digit of p(-35)?
5
Suppose -5*m - 186 = -2451. Let y = m + -235. Suppose 3*c + 3*a - 243 = 0, -3*c - 5*a + y + 25 = 0. What is the tens digit of c?
8
Let s(o) = o**2 + 7*o + 12. Let n be s(-4). Suppose n = -6*h + 456 + 2652. Suppose 4*z - h = 102. What is the hundreds digit of z?
1
Suppose 4*u = -7*o + 4*o + 5, 0 = -5*o - u + 14. What is the units digit of 1*3 - 3252/((-36)/o)?
4
Let x(h) = -h**3 - 16*h**2 - 7*h - 26. Let s be x(-20). Let i = s + -1009. What is the tens digit of i?
0
Let a(r) = -r**3 + r**2 + 3*r - 2. Let q be (3 + -4 - 4)*1. What is the units digit of a(q)?
3
Let w(f) = 5*f + 79. Let v be w(-19). Let d = 98 - v. What is the hundreds digit of d?
1
Suppose 5*m = 2*u - 5827, 6*m - 25 = 11*m. Let v = 6773 - u. Suppose 0 = a + 15*a - v. What is the hundreds digit of a?
2
Let t(a) be the second derivative of -4*a**2 + 0 - 5/6*a**4 - 14*a - 1/20*a**5 + 5/3*a**3. What is the units digit of t(-11)?
3
Let q = 1606 - 1186. What is the tens digit of q?
2
Suppose 0*v + 55 = 11*v. Suppose 3*h + v = 11. Suppose 0 = -f - 2*l + 73, -h*f + 6*f + l = 285. What is the units digit of f?
1
Suppose -3268 = -15*y + 14*y. Let p = 5175 - y. What is the hundreds digit of p?
9
Let x(a) = -130*a + 2571. What is the hundreds digit of x(-24)?
6
Let t = -150 + 155. Suppose 0 = -4*b - 3*z - z + 1660, 2*b + t*z = 836. What is the units digit of b?
3
Suppose -80 + 70 = -2*l. Suppose 0 = -l*y - y + 540. Suppose 0 = -96*f + y*f + 534. What is the tens digit of f?
8
Let b(n) = n - 4. Let z be b(1). Let o = 112 - z. Let k = o - 45. What is the units digit of k?
0
Suppose 1016*u = 1022*u - 236928. What is the hundreds digit of u?
4
Let c be ((-2)/(-2) + -2)*(-144 + 0). Let d = c - 11. Suppose 0*w + 3*z = w - 46, 0 = -3*w + 4*z + d. What is the units digit of w?
3
Let s(q) = 7*q**2 - 46*q - 5. Suppose 5*z = c + 56, 2*z - 3*c - 2*c = 27. What is the hundreds digit of s(z)?
3
Suppose -2*l - 21 + 23 = -f, 5*l - f - 11 = 0. Suppose -z + 4752 = l*z - 2*n, 0 = 5*n. What is the tens digit of z?
8
Let b(y) = y**2 - 5*y - 169. Let o be b(-8). Let q = 81 + o. What is the tens digit of q?
1
Let g(k) = 13*k**3 - 28*k**2 - 56*k - 188. Let d(r) = 3*r**3 - 7*r**2 - 14*r - 47. Let t(a) = 9*d(a) - 2*g(a). What is the units digit of t(12)?
5
Suppose -3*h + 5*p + 27 = 0, -3*h + 31 = h - 5*p. Suppose -2*l + 10 = -2. Suppose -h*u = -l*u - 3*v + 171, 0 = v + 3. What is the units digit of u?
0
Suppose 0 = -z + 5*v + 15644, -31262 = 165*z - 167*z - 3*v. What is the units digit of z?
4
Let i = 111 + -77. Let g = i - 31. Suppose -5*y + 202 = -g*y. What is the tens digit of y?
0
Let b(d) = d**3 + 8*d**2 - 12*d + 7. Let f be b(-7). Suppose -16*h + f = -11*h. Let l = 64 + h. What is the units digit of l?
2
Let l(n) = n**2 + 8*n + 15. Let h be l(-6). Let s(f) = 7*f**3 - 3*f**2 + 12*f - 26. What is the hundreds digit of s(h)?
1
Let q(t) = 20*t. Let b be q(2). Suppose -4*r + b = -72. Suppose -r*i = -29*i + 84. What is the tens digit of i?
8
Let v(h) = h**2 + 3*h - 19. Let u be v(-6). Let x be 1/4*u + (-2)/(-8). What is the units digit of 14/(-4)*(-28 - x)?
8
Suppose -2*r - 3*r = -5*p - 580, -3*r - 2*p + 328 = 0. Suppose 2*n + r = 836. What is the tens digit of n?
6
Let i = -11071 - -33557. What is the tens digit of i?
8
Let v be 52824/(-16) - 3/2. Let o = v + 818. What is the units digit of o/(-45) - 4/18?
5
Let n(x) = -29*x - 21. Let d be 0/((2 + -3)/(-2 + 3)). Suppose d = -6*a - 68 + 32. What is the tens digit of n(a)?
5
Let g(y) = -3*y**2 + 39*y + 19. Let x be g(16). Let m = x - -129. Suppose 228 = i - m*z, 4*i - z = -i + 1083. What is the units digit of i?
6
Suppose -4*x - 2*q = -22, 5*x + 2*q = 7*q + 35. Suppose 3*i + x = 12. Suppose 0 = -i*k + 7*k - 405. What is the units digit of k?
1
Let a be ((-609)/(-28))/((-7)/(-112)). Suppose 7*o - a = -5*o. What is the units digit of o?
9
Suppose 77758 = 5*y + 4*a, 24*y - 28*y - 2*a = -62210. What is the ten thousands digit of y?
1
Suppose 4074492 = 377*b - 6307711. What is the ten thousands digit of b?
2
Let u = 480 - 478. Suppose -u*h - 10 = 0, -22*h = b - 20*h - 709. What is the tens digit of b?
1
Let d be -3*1*8/(-12). Let s(j) = -d*j - 9 - j**2 + j + 38. What is the tens digit of s(0)?
2
Let r(i) = i + 6. Let v be r(-4). Suppose 355 = 2*l + 5*k, -2*k - 312 - 8 = -v*l. Suppose -5*m + l = 5*j, -2 = 4*m + 6. What is the units digit of j?
5
Let m(g) = 3745*g - 3416. What is the tens digit of m(4)?
6
Let w = 1341 - 677. Let n = w - 16. What is the hundreds digit of n?
6
Let l(o) be the second derivative of o**4/4 - 19*o**3/2 + 15*o**2/2 - 4*o - 2. What is the hundreds digit of l(24)?
3
Suppose 4906020 = -6